p) = -p**2 + p + 1. Let f = -13 + 20. Suppose -180 = -11*o + f*o. Let y = o - 40. What is l(y)?
-19
Let s(a) = -6*a - a**3 + 2 + 3*a**2 - 4 + 2*a**2 - 19*a**2 + 5*a**2. What is s(-8)?
-18
Let c(f) = -141*f + 4803. Let w be c(34). Let k(n) = -8*n + 62. Determine k(w).
-10
Suppose 0 = -7*m + 96 + 9. Let o be (-2 - (-24)/m)*(-100)/8. Let j(u) = u**3 + 6*u + 4*u**2 - 4 + 3*u**3 - 5*u**3. Calculate j(o).
1
Let j(m) = -6*m + 102. Let k be (48/(-12))/(7 - (-1242)/(-174)). Determine j(k).
-72
Let h(a) = -a + 96. Let g(f) = 9*f - 836. Let w(i) = -2*g(i) - 17*h(i). Determine w(17).
23
Let c(w) = 85 + 429*w - 426*w - 13. What is c(-28)?
-12
Let t(g) = 24*g - 97. Let l be t(6). Suppose 0 = -46*v + l*v + 6. Let x(k) = k**2 + 0*k + 4*k + 0 + 0 - 4. Calculate x(v).
8
Let a(j) = -17*j**2 - 1. Let n(f) = -97*f - 5042. Let v be n(-52). Calculate a(v).
-69
Let k(y) = 2*y - 1433 - 3*y + 1431. Let c(g) = -g + 10. Let d be c(7). Suppose -4*x - l = d*l + 4, x + 4*l + 10 = 0. What is k(x)?
-4
Suppose -11*t = 4*t - 60. Let p(n) = -t - 3 + n - 5 - 8 + 0. What is p(0)?
-20
Suppose 4*b = -2*f + 40, 5*f = b + 1710 - 1687. Let i(s) = -15*s + 26. Calculate i(f).
-64
Let n = -196 + 195. Let d(r) = 27*r**3 - 2*r**2 + 9*r - 2. Let g(i) = 14*i**3 - i**2 + 5*i - 1. Let y = 16 + -27. Let a(w) = y*g(w) + 6*d(w). Determine a(n).
-9
Let g(j) = 55*j + 3 - 54*j + 4 - 3. Suppose 7*c - 11*c = 0. Suppose 2*l + c = -12. Determine g(l).
-2
Let v(g) = -g + 7. Let u be v(11). Let i(p) be the third derivative of p**4/3 - p**3/6 - p**2 + 53*p. Determine i(u).
-33
Let a(i) = i**3 - 14*i**2 - 13*i - 27. Suppose 14223*x - 14234*x = -165. Give a(x).
3
Let d(v) be the third derivative of v**6/120 + 3*v**5/20 + 2*v**4/3 - 5*v**3/6 - 973*v**2. What is d(-7)?
-19
Let o(a) = -a**2 + 8*a + 14. Let x = 9336 + -9327. Determine o(x).
5
Let n(x) = -3*x + 3*x - x + 2*x**2. Suppose 3*o = -a + 7, -2*o - 6*a + 9*a + 1 = 0. Let z(p) = -p**3 + 2*p**2 - 1. Let c be z(o). Calculate n(c).
3
Let b(c) = -513*c**2 - 34 + 167*c**2 + 178*c**2 + 21*c + 169*c**2. Give b(-22).
-12
Let m = 1082 - 1604. Let h = m + 530. Let x(a) = -2*a + a + 2 + 5. Give x(h).
-1
Let t = -40201 - -40246. Let u(d) be the first derivative of 0*d - 1/2*d**2 + t. What is u(-4)?
4
Let v(q) be the third derivative of -3*q**4/4 - q**3/6 - 2269*q**2. Determine v(-1).
17
Let d = -2866 + 2877. Let k(y) = -y**3 + 4*y**2 + 2. Let p be k(4). Let c(z) = -z + p - z**2 + 11*z - d + 4. Calculate c(7).
16
Let b(t) be the first derivative of t**4/2 + 41*t**3/3 + 10*t**2 - 2*t - 1274. Calculate b(-20).
-2
Suppose 5*t = -4*m + 35, 2*m - 22 = -2*t + 4*t. Suppose -4*a + m + 7 = -5*g, 3*g + 25 = -5*a. Let o(h) = -16*h + 3*h**2 + 0*h**2 + 19*h. Calculate o(a).
6
Let k(d) = d**3 - 8*d**2 - d - 6. Let g = -28 + 62. Let n = 38 - g. Suppose -2*c + 32 = 5*v, -48 = -4*v + n*c - 0. Give k(v).
-14
Suppose 3*w + 10*w - 65 = 0. Let g(z) = 25*z**2 - w*z + 1 + 0 - 24*z**2. Suppose -6*p + 4 = -4*p. Give g(p).
-5
Let z(y) = -75*y + 146. Suppose 0 = 5061*a - 5072*a + 22. Give z(a).
-4
Suppose 0 = -9*y - 82 - 359. Let b be (y/(-7))/(0 - -1). Let s(j) = -j + 1. Calculate s(b).
-6
Suppose -3*i - 3*q + 9 = -6, -2*i = -q - 22. Let u(x) = -x**2 + 10*x - 12. What is u(i)?
-3
Let c(h) = -h**3 - 28*h**2 - 129*h + 68. Let y be c(-22). Let q(p) = 5*p**3 + p**2 - 2*p + 2. Calculate q(y).
42
Let m(r) be the third derivative of -r**5/20 - r**4/6 + r**3/6 - 15*r**2. Suppose 3*z + 8 = -k, -3*k + 15 = -5*z - 3. Give m(z).
-14
Let w = 91 - 89. Suppose w*t + 2*s = 4*s + 12, t + 4*s + 4 = 0. Let j(v) = v**2 - 5. Give j(t).
11
Let i(w) = 3*w - 14*w**3 + 12*w**3 - 2*w**2 - 1 + 0*w. Suppose -194*c = -29*c + 495. Calculate i(c).
26
Let j(l) = -l**2 - 19*l - 60. Let v be j(-15). Suppose 3*k - 29*k - 130 = v. Let a(z) = 4*z + 17. Give a(k).
-3
Let r(b) = 78*b - 19. Let j be (50/(-6))/5*11/(605/(-66)). What is r(j)?
137
Let y = 149 + -77. Let q = y + -70. Let t(k) = 5*k + 0*k - 2*k - 2. Determine t(q).
4
Let z(w) = 3*w**2 + 4*w - 10. Let l be 58/(-16) + 6 + ((-30)/16)/5. What is z(l)?
10
Let i(y) = y**3 - 8*y**2 + 4*y + 1. Let q be 7 - (-260)/(-35) - 72/(-21). What is i(q)?
-32
Let r(c) = -19 + 14 + 14 - 60*c + 63*c - c**3 + 7*c**2 - 3*c. Suppose 3*i - 140 = -2*i. Suppose -2*m - 2*m + i = 0. Give r(m).
9
Suppose 2*p + 4*p = -15*p + 210. Let t(v) = -v + 18. Calculate t(p).
8
Let k(x) be the first derivative of -3*x**3 + x**2 - 3*x + 293. Let l(d) = -d**3 - 6*d**2 + 9*d + 16. Let r be l(-7). Calculate k(r).
-35
Suppose 8*w + 134 + 102 = 76. Let i(z) = z**3 + 20*z**2 + 4*z + 89. Calculate i(w).
9
Let n(h) = 91*h**3 + 2*h**2 + 14*h + 13. Let d(l) = -46*l**3 - l**2 - 8*l - 7. Let x(q) = -9*d(q) - 5*n(q). Give x(1).
-42
Suppose -23*m + 2465 = -6*m. Let g(w) = -139 + m + w - 2*w. Give g(0).
6
Let f(u) = u**3 - 6*u**2 - 7*u + 7. Suppose d + 41 = 4*d - 4*q, 4*q = -20. What is f(d)?
7
Let n(g) = -g - 8. Suppose 18 = 4*r - 11*z + 13*z, -3*r = 2*z - 13. Suppose -x + 3*x = -p - 3, -x - 18 = -r*p. Let w be (-8)/(8/p) - 2. Calculate n(w).
-3
Let w(q) = -4*q - 5. Suppose 5*d - 2068 = -2053. Let a(l) be the first derivative of 3*l**2/2 + 6*l + 2. Let c(y) = d*a(y) + 2*w(y). Give c(7).
15
Suppose 352 - 142 = 10*n + 160. Let h(r) = -2*r**3 + 5*r**2 + r + 7. Calculate h(n).
-113
Suppose 0 = -0*s - 3*s - 3. Let d(v) = 11*v + 8. Let p(b) = 0 - 5 + 55*b - 62*b. Let m(y) = -5*d(y) - 8*p(y). Calculate m(s).
-1
Let q(z) = -24*z - 811. Let j(t) = -36*t - 1174. Let a(s) = 5*j(s) - 7*q(s). Calculate a(-18).
23
Let k be (-12)/(-9) + 12/(-36). Let p(y) = y - 1. Let l(b) = -1. Let a(m) = k*l(m) - p(m). Calculate a(-6).
6
Let b(u) = -263*u + u**2 + 138*u + 12 + 118*u. Calculate b(11).
56
Let a(g) be the first derivative of 10*g**3/3 - 2*g**2 + 4*g + 1214. Calculate a(2).
36
Let s(o) = -o + 4. Let z be (4*2/28)/((-10)/(-140)). Suppose z*y - 27 + 27 = 0. Let c be (y*(-3)/9)/(7 + -6). Give s(c).
4
Let k(h) = h + 2. Let j = 6 - 3. Let v(g) = 10*g**2 - 6*g - 3. Let p(q) = -3*q**2 + q - 1. Let f(a) = 3*p(a) + v(a). Let n be f(j). Give k(n).
-4
Suppose -6*c + 9 - 3 = 0. Let q(d) = 20 + 18 - 2*d - 38 + 3*d**2 + d. Give q(c).
2
Let t(l) = -2*l + 4. Suppose 3*u - 6 = 6. Suppose 2*n + 0*k - 102 = 2*k, 5*k = u*n - 206. Let a = n + -44. Determine t(a).
-6
Suppose 12 = 2*g - 6. Let a(s) = -4*s - s**3 - 19*s - 2*s**2 + g*s**2 + 8*s + 17. Let t be a(5). Let p(d) = -d**3 - 8*d**2 - d - 6. Determine p(t).
2
Let u(y) = -y**3 - 21*y**2 - 11*y + 183. Let b be u(-20). Let z(c) = 3*c - 18. Give z(b).
-9
Let d(m) = m**3 - 14*m**2 + 2*m - 19. Let o = 2268 + -2254. Determine d(o).
9
Let l = 147 + 133. Let r(v) = 144*v - v**2 + 141*v - 2 - 3 - l*v. Calculate r(4).
-1
Suppose -29*a = 362 - 420. Let g(i) = 4*i**2 - 4*i + 2. What is g(a)?
10
Let i = -1382 + 564. Let t = -819 - i. Let n(b) = -7*b - 3. Give n(t).
4
Suppose -w - 14 = -4. Let n(f) = -19*f**2 - 177*f + 18. Let q(c) = -3*c**2 - 28*c + 3. Let b(t) = -2*n(t) + 13*q(t). Give b(w).
3
Let t = -42 + 76. Suppose 7*f - 19 = -271. Let g = f + t. Let a(v) = -v**3 - 2*v**2 + 2. What is a(g)?
2
Let s(b) = 2*b + 0*b - 2 - 12 - 1 - 6. Give s(-5).
-31
Let d(x) = -12*x**2 - x. Let t(v) = 0*v**2 - 206*v + 2*v**2 + 206*v + v**3 + 4. Let i be t(0). Suppose i*j = 10*j + 6. Determine d(j).
-11
Let h be 1005/12 - 2 - 9/(-36). Suppose -77*k = -h*k. Let a(c) = -c**2 + 5. What is a(k)?
5
Let c(r) = -8*r - 16. Let a be c(-7). Suppose -2*d + a - 50 = 0. Let i(l) = -l**3 - 4*l**2 + 4*l - 2. What is i(d)?
3
Let y be -21*(-123)/18*8/14. Let t(x) = y + 93 - 186 - x. What is t(-13)?
2
Let t(r) be the second derivative of r**5/60 + r**2/2 + 72*r + 1. Let g(k) be the first derivative of t(k). Give g(3).
9
Let i(n) = -22*n + 30. Let u = -3520 + 3522. Give i(u).
-14
Let m(v) = v**3 + v + 3. Let b(y) = -2*y - y**3 - 7 - 5206*y**2 + 5206*y**2. Let g(a) = -4*b(a) - 9*m(a). Determine g(1).
-5
Let p(l) = 37*l + 5. Let j(u) = -314*u - 34. Let o(z) = -209*z - 23. Let w(c) = -5*j(c) + 8*o(c). Let i(h) = 11*p(h) + 4*w(h). Let m = 1 - 1. Calculate i(m).
-1
Let n(q) = -218*q + 54*q + 12 + 45*q + 52*q + 48*q. Give n(1).
-7
Let k = 249 + -250. Let z be (9/4 - 3)/(k/(-12)). Let l(y) = -y**3 - 10*y**2 - 7*y + 7. Give l(z).
-11
Suppose 0 = 6*y - 104 + 368. Let f = y + 45. Let d(g) = f + 18*g**2 - 12*g**2 - 7*g**2. Calculate d(1).
0
Let p(g) = -g + 19. Let 